 7, 2153
Suppose 29*a = 34*a - 2660. Let f = 215 - a. Let n = 462 + f. What are the prime factors of n?
5, 29
Let p(s) = -13*s + 19*s - 8*s + 5. Let t be p(2). List the prime factors of (69/6 + (-3)/t)*6.
3, 17
Suppose 0*l - x = -3*l + 1039, 5*x = -5*l + 1705. Let s = l - -369. What are the prime factors of s?
2, 3, 7, 17
Let x(m) = m**3 - 11*m**2 + 14*m - 35. Let q be x(10). Suppose 3*y + a - 79 - 136 = 0, q*y - 340 = 2*a. List the prime factors of y.
2, 5, 7
Suppose 2*x - 8*x = -18. What are the prime factors of (-1335)/10*(-1 - x)?
2, 3, 89
Let o(u) = 8*u**2 + u + 292. List the prime factors of o(-50).
2, 29, 349
Suppose -16 = 2*u - 4*z, 2*z = 13 - 5. Let l be 6/(-18) - (u - 178/(-6)). List the prime factors of (l/25)/(-1 + 48/50).
2, 3, 5
Let j = -68 - -31. Let f = j + 46. Suppose 0 = -s + 36 - f. List the prime factors of s.
3
Let q be (-3027)/(-6) - 0 - 60/(-40). Let f = 218 + q. List the prime factors of f.
2, 181
Let i be (65/(-1))/(-5) - (2 - 3). Let n(d) = 2*d**2 - 12 - i*d - 9*d + 22*d. List the prime factors of n(10).
2, 89
Let l(o) be the second derivative of 0 - 1/2*o**2 + 17*o + 1/12*o**4 - 1/6*o**3. What are the prime factors of l(11)?
109
Let b(l) = -2*l**3 - 69*l**2 + 9*l + 455. What are the prime factors of b(-36)?
4019
Suppose -a + 2*a = 5. List the prime factors of 54/(-90) + 3/a + 66.
2, 3, 11
Let k be (-3 - -6) + (17 - -1014). Suppose -g - 5*h = -2*g + k, 4*h = 0. What are the prime factors of g?
2, 11, 47
Suppose -5*b + 2*r = -20521, 5*b - 14795 = 4*r + 5732. What are the prime factors of b?
11, 373
Let m be -104 + 1 - (0 + -6 - -3). Let k be (-21)/(-2)*3/(15/m). Let q = k - -393. What are the prime factors of q?
3, 61
Suppose 7*d + 30 = 13*d. Suppose 587 = 4*n + d*y, -5*n - y = 2*y - 750. List the prime factors of n.
3, 17
Suppose -111 = 2*z + 5*a + 439, 0 = -4*a - 8. Let q = z + -10. List the prime factors of q/6*3/(-2).
2, 5, 7
Suppose 13*f = 10*f + 18198. Suppose -u - 5*u = -f. What are the prime factors of u/6 + 4/8?
13
Suppose 4*x + 5*d - 3082 = 0, 0*x = 5*x + 3*d - 3859. Let j = 1087 - x. List the prime factors of j.
2, 157
Let h be -2 + (-6)/2*(-16)/12. Let k(r) = 37*r**2 - 6*r**h + 14 + 2*r - 15*r**2 - 15*r**2. List the prime factors of k(0).
2, 7
Suppose 13*q - 61464 = 5*q - 0*q. What are the prime factors of q?
3, 13, 197
Suppose 109923 + 63877 = 11*d. What are the prime factors of d?
2, 5, 79
Let s = -51 + 86. Suppose -q - s = -79. Suppose -15*f + 19*f - q = 0. List the prime factors of f.
11
Let k = -11083 + 23389. What are the prime factors of k?
2, 3, 7, 293
Let j(u) = 2571*u - 11014. What are the prime factors of j(17)?
32693
Suppose -k - 6*s = -s - 290, -832 = -3*k + 4*s. Let f be 2/(-4) - 5/((-50)/1435). Let h = k - f. List the prime factors of h.
137
Suppose -33266 = -9*w + 59371. List the prime factors of w.
3, 47, 73
Suppose 0 = -4*h + 16, 5*h + 96086 + 19284 = 5*p. What are the prime factors of p?
2, 11, 1049
Let g = 901 + -478. Suppose 2443 = 10*m + g. List the prime factors of m.
2, 101
Suppose 3029 = 4*p - 5*k, -2*p + 1519 = 8*k - 9*k. List the prime factors of p.
761
What are the prime factors of 16 + (-65)/4 - (-63757)/4?
3, 7, 11, 23
Suppose -n + 110 = 4*n. Let l be 14/(-21) - n/(-6). List the prime factors of 3/(l/1) - -72.
73
Let z = 222 - 222. Suppose z = -a - 6*a + 2520. List the prime factors of a.
2, 3, 5
Let m(k) = k**2 + 35*k + 773. List the prime factors of m(-48).
11, 127
Let f = -191 - -338. Suppose x = 73 + f. What are the prime factors of x?
2, 5, 11
Let g be -3 - (-108)/16 - (-33)/(-44). Suppose 4*s = 4*y - 2472, -4*y + g*s - 6*s = -2479. What are the prime factors of y?
619
What are the prime factors of (11 + 160/(-15))/((-2)/(-15474))?
2579
Let c = 206 + -203. Let d = -71 + 76. Suppose -c*f + 471 = -d*t, 2*t - 6 = 4*t. List the prime factors of f.
2, 19
Let l(b) = -2*b**2 - 2*b - 7. Suppose -3*d + 4*g + 13 = 0, 4*d - 3*d - 3*g = 11. Let c(n) = -n. Let a(z) = d*l(z) - 4*c(z). List the prime factors of a(-3).
7
Let z = 10942 + -1878. List the prime factors of z.
2, 11, 103
Let v(b) = 28*b**3 + 4*b + 13 - 2*b**2 + 38*b**3 - 104*b**3 - 134*b**3. What are the prime factors of v(-2)?
1373
Let o(g) = -6*g**3 + 128*g**2 - 2*g - 6. List the prime factors of o(11).
2, 37, 101
Let v(c) be the first derivative of -c**4/2 - 8*c**3/3 - 47*c**2/2 - 13*c + 250. What are the prime factors of v(-6)?
7, 59
Let k = -6160 - -12181. List the prime factors of k.
3, 223
Let t = 151 - 148. Suppose -2*d + 5*d - 15 = 0, 2*u - 179 = -t*d. Suppose u = p - 45. List the prime factors of p.
127
Suppose -53 - 243 = -4*q. Let p = q + -46. What are the prime factors of p/42 + 130/3?
2, 11
Let i(u) = -u**3 + 6*u**2 - 9*u + 22. Let w be i(5). Suppose 4*b = w*n + 608, -3*b + 0*n = -4*n - 456. What are the prime factors of b?
2, 19
Let l be (-3*(-6)/(-27))/(7/(-42)). Suppose -5*j - 803 = -f, l*j - 1250 - 398 = -2*f. List the prime factors of f.
2, 409
Let f = 2394 + -4999. Let i = f + 3923. What are the prime factors of i?
2, 659
Let v = 447 - 447. Suppose -k + 23*k - 8492 = v. What are the prime factors of k?
2, 193
Suppose 6*a - 204 - 780 = 0. Suppose 7*q = -494 - a. Let f = -67 - q. List the prime factors of f.
3
Suppose 317 = -f - 376. Let u = f + 1139. Let k = u + -298. What are the prime factors of k?
2, 37
Suppose -11043 = -19*s + 17*s + v, -5*s = -v - 27597. List the prime factors of s.
2, 31, 89
What are the prime factors of ((-3)/(-4))/(294/8415848)?
7, 3067
List the prime factors of 1*(6 - 3*(-1)/((-3)/(-9771))).
3, 3259
Let y = 87 - 86. Let u be 0 - (-5 + (y - -2)). What are the prime factors of 2/u*-1 + 0 + 68?
67
Let t(y) = -y**2 + 46*y + 659. Let c be t(0). Suppose -z + c = -b - 3, -5*z - 2*b = -3303. List the prime factors of z.
661
Suppose -w - 12 = -4*l, l - w + 24 = 6*l. Suppose -g = -2*u - u + 108, -2*u = -l*g - 72. Suppose u = 5*p - 84. What are the prime factors of p?
2, 3
Let r = 21974 - -358. What are the prime factors of r?
2, 3, 1861
List the prime factors of (-5 + 7219 - -9) + 3 + -11.
3, 5, 13, 37
Let h = 263 - -319. Let l = -264 + h. What are the prime factors of l?
2, 3, 53
Suppose 0 = w - 3*x - 6515, 2*x - 13070 = -2*w - 0*x. List the prime factors of w.
2, 5, 653
Let o be -8*((-35)/(-10) + -3). Let k = o - -15. List the prime factors of k.
11
Let q(j) = 3*j**2 + 10*j - 30. Let n(t) = -t + 1. Let b(o) = 2*n(o) + q(o). Let c be b(8). Let w = -163 + c. What are the prime factors of w?
5, 13
Let q = 3 - -7. Let k(n) = -2 + 2*n**2 + q*n + 2 + 0*n - 18. What are the prime factors of k(-9)?
2, 3
Suppose 0 = 5*z + c + 5, -2*z - 2 = -0*z - 4*c. Let i be (-27 + 3 + z)*-9. Suppose -4*w = -3*w - i. What are the prime factors of w?
3, 5
Suppose -12 = 4*n, 0 = 4*v - 0*n + 3*n - 11. Suppose -23 = -v*h + 7. List the prime factors of (-2 - (-14)/h)/(6/2196).
2, 61
Suppose 3*t + 16 = 5*p, 11 = -5*t + 5*p - 29. Let r be 3/t - 65/(-20). Suppose -20 = -3*v + f, -r*v + 36 = 3*f - 0. List the prime factors of v.
2
Let h(l) = l**2 + 4*l + 1. Let f be h(-5). Let w(j) = -j + 12. Let m be w(f). What are the prime factors of m/(45/12 - 3)?
2
Suppose 2641 = 5*x - 4*y, -7*x - 2080 = -11*x - 5*y. Let r = 940 - x. List the prime factors of r.
5, 83
Let m(j) = 33*j**3 + 4*j**2 - 8*j - 11. List the prime factors of m(4).
3, 79
Let d = 910 - -1340. Suppose -d + 558 = -6*f. List the prime factors of f.
2, 3, 47
Let d = 293661 + -208910. List the prime factors of d.
84751
Let x(o) = 6*o - 132. Let l be x(22). What are the prime factors of (-1588)/8*(-2 + l)?
397
Let i = 92 - 85. Suppose i*q = -704 + 32. What are the prime factors of 2 + (-1 - q*1)?
97
Suppose u = -3, 6*d + u - 1 = 5*d. Suppose 4*s + 4*v = 1252, d*s = 4*v + 804 + 424. List the prime factors of s.
2, 5, 31
Let o = -461 - -461. Suppose -343*c + 333*c + 6560 = o. List the prime factors of c.
2, 41
Suppose 878 + 812 = -13*l. Let z = l - -375. List the prime factors of z.
5, 7
Suppose 9670 = 29*m - 108766. List the prime factors of m.
2, 1021
Suppose -3*i = -7*k + 2*k, i = k. Suppose -5*p - 5*a = -1405, 3*a - 3 = -k*a. List the prime factors of p.
2, 5, 7
Suppose 4*f + 49*f - 328388 = 0. Suppose -11*d + 1779 = -f. List the prime factors of d.
5, 29
Suppose 0 = 2*p - 3*g - 31, 2*p - 5*g = -4*g + 21. Let u = -530 - -539. Suppose p + 37 = u*x. What are the 